{"id":1188,"date":"2025-06-15T11:49:51","date_gmt":"2025-06-15T09:49:51","guid":{"rendered":"https:\/\/www.alpensarg.at\/?post_type=product&#038;p=1188"},"modified":"2026-03-02T10:46:23","modified_gmt":"2026-03-02T09:46:23","slug":"brenner","status":"publish","type":"product","link":"https:\/\/www.alpensarg.at\/?product=brenner","title":{"rendered":"Brenner"},"content":{"rendered":"<p id=\"product_reference\"><label>Artikel-Nr<\/label>\u00a0<span class=\"editable\">sk04<\/span><\/p>\n<div id=\"short_description_block\">\n<div id=\"short_description_content\" class=\"rte align_justify\">\n<p>Sehr gut verarbeiteter Sarg zur Verbrennung.\u00a0Kastenf\u00fc\u00dfe vormontiert, Deckell\u00f6cher vorgebohrt.<\/p>\n<p>Kremationssarg nach VDI 3891 Richtlinie.<\/p>\n<p>&nbsp;<\/p>\n<p>Auch ausgeschlagen erh\u00e4ltlich!<\/p>\n<p>Auch Farblos lackiert erh\u00e4ltlich!<\/p>\n<\/div>\n<\/div>\n","protected":false},"excerpt":{"rendered":"<p>Artikel-Nr\u00a0sk04 Sehr gut verarbeiteter Sarg zur Verbrennung.\u00a0Kastenf\u00fc\u00dfe vormontiert, Deckell\u00f6cher vorgebohrt. Kremationssarg nach VDI 3891 Richtlinie. &nbsp; Auch ausgeschlagen erh\u00e4ltlich! Auch Farblos lackiert erh\u00e4ltlich!<\/p>\n","protected":false},"featured_media":2096,"template":"","meta":{"_eb_attr":""},"product_brand":[],"product_cat":[38,34],"product_tag":[],"class_list":{"0":"post-1188","1":"product","2":"type-product","3":"status-publish","4":"has-post-thumbnail","6":"product_cat-kiefern-saerge","7":"product_cat-saerge","9":"first","10":"instock","11":"shipping-taxable","12":"product-type-simple"},"_links":{"self":[{"href":"https:\/\/www.alpensarg.at\/index.php?rest_route=\/wp\/v2\/product\/1188","targetHints":{"allow":["GET"]}}],"collection":[{"href":"https:\/\/www.alpensarg.at\/index.php?rest_route=\/wp\/v2\/product"}],"about":[{"href":"https:\/\/www.alpensarg.at\/index.php?rest_route=\/wp\/v2\/types\/product"}],"version-history":[{"count":1,"href":"https:\/\/www.alpensarg.at\/index.php?rest_route=\/wp\/v2\/product\/1188\/revisions"}],"predecessor-version":[{"id":2097,"href":"https:\/\/www.alpensarg.at\/index.php?rest_route=\/wp\/v2\/product\/1188\/revisions\/2097"}],"wp:featuredmedia":[{"embeddable":true,"href":"https:\/\/www.alpensarg.at\/index.php?rest_route=\/wp\/v2\/media\/2096"}],"wp:attachment":[{"href":"https:\/\/www.alpensarg.at\/index.php?rest_route=%2Fwp%2Fv2%2Fmedia&parent=1188"}],"wp:term":[{"taxonomy":"product_brand","embeddable":true,"href":"https:\/\/www.alpensarg.at\/index.php?rest_route=%2Fwp%2Fv2%2Fproduct_brand&post=1188"},{"taxonomy":"product_cat","embeddable":true,"href":"https:\/\/www.alpensarg.at\/index.php?rest_route=%2Fwp%2Fv2%2Fproduct_cat&post=1188"},{"taxonomy":"product_tag","embeddable":true,"href":"https:\/\/www.alpensarg.at\/index.php?rest_route=%2Fwp%2Fv2%2Fproduct_tag&post=1188"}],"curies":[{"name":"wp","href":"https:\/\/api.w.org\/{rel}","templated":true}]}}

<p id="product_reference"><label>Artikel-Nr</label> <span class="editable">sk04</span></p>
<div id="short_description_block">
<div id="short_description_content" class="rte align_justify">
<p>Sehr gut verarbeiteter Sarg zur Verbrennung. Kastenfüße vormontiert, Deckellöcher vorgebohrt.</p>
<p>Kremationssarg nach VDI 3891 Richtlinie.</p>
<p>&nbsp;</p>
<p>Auch ausgeschlagen erhältlich!</p>
<p>Auch Farblos lackiert erhältlich!</p>
</div>
</div>

<p>Artikel-Nr sk04 Sehr gut verarbeiteter Sarg zur Verbrennung. Kastenfüße vormontiert, Deckellöcher vorgebohrt. Kremationssarg nach VDI 3891 Richtlinie. &nbsp; Auch ausgeschlagen erhältlich! Auch Farblos lackiert erhältlich!</p>
