{"id":1214,"date":"2025-06-15T12:10:22","date_gmt":"2025-06-15T10:10:22","guid":{"rendered":"https:\/\/www.alpensarg.at\/?post_type=product&#038;p=1214"},"modified":"2026-02-26T12:45:40","modified_gmt":"2026-02-26T11:45:40","slug":"brenner-pappel","status":"publish","type":"product","link":"https:\/\/www.alpensarg.at\/?product=brenner-pappel","title":{"rendered":"Brenner Pappel"},"content":{"rendered":"<p id=\"product_reference\"><label>Artikel-Nr <\/label> <span class=\"editable\">sk05<\/span><\/p>\n<div id=\"short_description_block\">\n<div id=\"short_description_content\" class=\"rte align_justify\">\n<p>Das Leichtgewicht unter den Verbrennungss\u00e4rgen<\/p>\n<p>nur 28 kg !<\/p>\n<p>&nbsp;<\/p>\n<p>&#8211; Deckel vorgebohrt<\/p>\n<p>&#8211; F\u00fc\u00dfe montiert<\/p>\n<p>&nbsp;<\/p>\n<p>&nbsp;<\/p>\n<p>Auch Farblos lackiert, ge\u00f6lt und\u00a0mit Ausschlag\u00a0erh\u00e4ltlich!<\/p>\n<\/div>\n<\/div>\n","protected":false},"excerpt":{"rendered":"<p>Artikel-Nr sk05 Das Leichtgewicht unter den Verbrennungss\u00e4rgen nur 28 kg ! &nbsp; &#8211; Deckel vorgebohrt &#8211; F\u00fc\u00dfe montiert &nbsp; &nbsp; Auch Farblos lackiert, ge\u00f6lt und\u00a0mit Ausschlag\u00a0erh\u00e4ltlich!<\/p>\n","protected":false},"featured_media":2052,"template":"","meta":{"_eb_attr":""},"product_brand":[],"product_cat":[39,34],"product_tag":[],"class_list":{"0":"post-1214","1":"product","2":"type-product","3":"status-publish","4":"has-post-thumbnail","6":"product_cat-pappel-saerge","7":"product_cat-saerge","9":"first","10":"instock","11":"shipping-taxable","12":"product-type-simple"},"_links":{"self":[{"href":"https:\/\/www.alpensarg.at\/index.php?rest_route=\/wp\/v2\/product\/1214","targetHints":{"allow":["GET"]}}],"collection":[{"href":"https:\/\/www.alpensarg.at\/index.php?rest_route=\/wp\/v2\/product"}],"about":[{"href":"https:\/\/www.alpensarg.at\/index.php?rest_route=\/wp\/v2\/types\/product"}],"version-history":[{"count":1,"href":"https:\/\/www.alpensarg.at\/index.php?rest_route=\/wp\/v2\/product\/1214\/revisions"}],"predecessor-version":[{"id":2053,"href":"https:\/\/www.alpensarg.at\/index.php?rest_route=\/wp\/v2\/product\/1214\/revisions\/2053"}],"wp:featuredmedia":[{"embeddable":true,"href":"https:\/\/www.alpensarg.at\/index.php?rest_route=\/wp\/v2\/media\/2052"}],"wp:attachment":[{"href":"https:\/\/www.alpensarg.at\/index.php?rest_route=%2Fwp%2Fv2%2Fmedia&parent=1214"}],"wp:term":[{"taxonomy":"product_brand","embeddable":true,"href":"https:\/\/www.alpensarg.at\/index.php?rest_route=%2Fwp%2Fv2%2Fproduct_brand&post=1214"},{"taxonomy":"product_cat","embeddable":true,"href":"https:\/\/www.alpensarg.at\/index.php?rest_route=%2Fwp%2Fv2%2Fproduct_cat&post=1214"},{"taxonomy":"product_tag","embeddable":true,"href":"https:\/\/www.alpensarg.at\/index.php?rest_route=%2Fwp%2Fv2%2Fproduct_tag&post=1214"}],"curies":[{"name":"wp","href":"https:\/\/api.w.org\/{rel}","templated":true}]}}

<p id="product_reference"><label>Artikel-Nr </label> <span class="editable">sk05</span></p>
<div id="short_description_block">
<div id="short_description_content" class="rte align_justify">
<p>Das Leichtgewicht unter den Verbrennungssärgen</p>
<p>nur 28 kg !</p>
<p>&nbsp;</p>
<p>&#8211; Deckel vorgebohrt</p>
<p>&#8211; Füße montiert</p>
<p>&nbsp;</p>
<p>&nbsp;</p>
<p>Auch Farblos lackiert, geölt und mit Ausschlag erhältlich!</p>
</div>
</div>

<p>Artikel-Nr sk05 Das Leichtgewicht unter den Verbrennungssärgen nur 28 kg ! &nbsp; &#8211; Deckel vorgebohrt &#8211; Füße montiert &nbsp; &nbsp; Auch Farblos lackiert, geölt und mit Ausschlag erhältlich!</p>
