{"id":1226,"date":"2025-06-15T12:18:01","date_gmt":"2025-06-15T10:18:01","guid":{"rendered":"https:\/\/www.alpensarg.at\/?post_type=product&#038;p=1226"},"modified":"2025-06-15T12:18:01","modified_gmt":"2025-06-15T10:18:01","slug":"sargmatratze","status":"publish","type":"product","link":"https:\/\/www.alpensarg.at\/?product=sargmatratze","title":{"rendered":"Sargmatratze"},"content":{"rendered":"<p id=\"product_reference\"><label>Artikel-Nr <\/label> <span class=\"editable\">Sm<\/span><\/p>\n<div id=\"short_description_block\">\n<div id=\"short_description_content\" class=\"rte align_justify\">\n<p>Sargmatratze mit Seitenteil und Bio-PE-Folie unterlegt.<\/p>\n<p>&#8211; im Boden umweltgerecht verg\u00e4nglich<\/p>\n<p>&#8211; Ein\u00e4scherung ohne toxische Emissionen, entspricht VDI 3891<\/p>\n<p>&#8211; F\u00fcllung mit Rei\u00dfwolle<\/p>\n<\/div>\n<\/div>\n","protected":false},"excerpt":{"rendered":"<p>Artikel-Nr Sm Sargmatratze mit Seitenteil und Bio-PE-Folie unterlegt. &#8211; im Boden umweltgerecht verg\u00e4nglich &#8211; Ein\u00e4scherung ohne toxische Emissionen, entspricht VDI 3891 &#8211; F\u00fcllung mit Rei\u00dfwolle<\/p>\n","protected":false},"featured_media":1227,"template":"","meta":{"_eb_attr":""},"product_brand":[],"product_cat":[36],"product_tag":[],"class_list":{"0":"post-1226","1":"product","2":"type-product","3":"status-publish","4":"has-post-thumbnail","6":"product_cat-auskleidung","8":"first","9":"instock","10":"shipping-taxable","11":"product-type-simple"},"_links":{"self":[{"href":"https:\/\/www.alpensarg.at\/index.php?rest_route=\/wp\/v2\/product\/1226","targetHints":{"allow":["GET"]}}],"collection":[{"href":"https:\/\/www.alpensarg.at\/index.php?rest_route=\/wp\/v2\/product"}],"about":[{"href":"https:\/\/www.alpensarg.at\/index.php?rest_route=\/wp\/v2\/types\/product"}],"version-history":[{"count":0,"href":"https:\/\/www.alpensarg.at\/index.php?rest_route=\/wp\/v2\/product\/1226\/revisions"}],"wp:featuredmedia":[{"embeddable":true,"href":"https:\/\/www.alpensarg.at\/index.php?rest_route=\/wp\/v2\/media\/1227"}],"wp:attachment":[{"href":"https:\/\/www.alpensarg.at\/index.php?rest_route=%2Fwp%2Fv2%2Fmedia&parent=1226"}],"wp:term":[{"taxonomy":"product_brand","embeddable":true,"href":"https:\/\/www.alpensarg.at\/index.php?rest_route=%2Fwp%2Fv2%2Fproduct_brand&post=1226"},{"taxonomy":"product_cat","embeddable":true,"href":"https:\/\/www.alpensarg.at\/index.php?rest_route=%2Fwp%2Fv2%2Fproduct_cat&post=1226"},{"taxonomy":"product_tag","embeddable":true,"href":"https:\/\/www.alpensarg.at\/index.php?rest_route=%2Fwp%2Fv2%2Fproduct_tag&post=1226"}],"curies":[{"name":"wp","href":"https:\/\/api.w.org\/{rel}","templated":true}]}}

<p id="product_reference"><label>Artikel-Nr </label> <span class="editable">Sm</span></p>
<div id="short_description_block">
<div id="short_description_content" class="rte align_justify">
<p>Sargmatratze mit Seitenteil und Bio-PE-Folie unterlegt.</p>
<p>&#8211; im Boden umweltgerecht vergänglich</p>
<p>&#8211; Einäscherung ohne toxische Emissionen, entspricht VDI 3891</p>
<p>&#8211; Füllung mit Reißwolle</p>
</div>
</div>

<p>Artikel-Nr Sm Sargmatratze mit Seitenteil und Bio-PE-Folie unterlegt. &#8211; im Boden umweltgerecht vergänglich &#8211; Einäscherung ohne toxische Emissionen, entspricht VDI 3891 &#8211; Füllung mit Reißwolle</p>
